{"id":2743,"date":"2018-12-11T10:16:08","date_gmt":"2018-12-11T09:16:08","guid":{"rendered":"https:\/\/racingteam.2x3.pl\/?page_id=2743"},"modified":"2018-12-11T10:26:10","modified_gmt":"2018-12-11T09:26:10","slug":"juniorzy","status":"publish","type":"page","link":"https:\/\/racingteam.2x3.pl\/index.php\/juniorzy\/","title":{"rendered":"Juniorzy"},"content":{"rendered":"\n<p>Obaj zawodnicy niedawno do\u0142\u0105czyli do<strong> naszego teamu<\/strong> i s\u0105 wychowankami\u00a0<a href=\"https:\/\/www.facebook.com\/ZachodniopomorskaAkademiaKolarska\/?__tn__=K-R&amp;eid=ARC2EPRfXSzJLx6DoEg5is9W2FTQ9BYVbLNqPLAfZvD2awKIZKpss3rjGPaq7qRx27JwXCT0J0ewq9xU&amp;fref=mentions&amp;__xts__%5B0%5D=68.ARBcsXHP6SfH0065ccofOptGZQQg8dAC95JvLr6U1kVkEUNpE23jstZOBO4RZVNNLCSlKUPQO_-h8Nps9w9kKWwyYsxCld-6ZUDUrU7T-3YXcf8RhGzB4f3BAFplgLSZc67t876pnO2NsN3AhrAANULYawY5lqiDESYwF7jdvnLJrJuOdbgAsxvlQ8kmG5bAf-CjGOcZHT7BNAYxmMFZwTyVTFhrrNLvSAvB1wYZOdCfjzGmupGfOF5ssQfqZC0CORZTtaqZWVsxOZjy8B5xDmIlVTi8OeEqqhAbX4eE4-dlLXlsrUbiDClFtNv76m03oPCo3qWpKs-p0-7cCeG4bzRhdw\">Zachodniopomorskiej Akademii Kolarskiej<\/a>.\u00a0<\/p>\n\n\n\n<p>\u017byczymy im samych sukces\u00f3w w nowym teamie\u00a0\u270c\ufe0f<\/p>\n\n\n\n<ul class=\"wp-block-gallery columns-2 is-cropped wp-block-gallery-1 is-layout-flex wp-block-gallery-is-layout-flex\"><li class=\"blocks-gallery-item\"><figure><img loading=\"lazy\" decoding=\"async\" width=\"765\" height=\"459\" src=\"https:\/\/racingteam.2x3.pl\/wp-content\/uploads\/2018\/12\/michal_jaskula.png\" alt=\"\" data-id=\"2739\" data-link=\"https:\/\/racingteam.2x3.pl\/index.php\/team\/michal_jaskula\/\" class=\"wp-image-2739\" srcset=\"https:\/\/racingteam.2x3.pl\/wp-content\/uploads\/2018\/12\/michal_jaskula.png 765w, https:\/\/racingteam.2x3.pl\/wp-content\/uploads\/2018\/12\/michal_jaskula-300x180.png 300w\" sizes=\"auto, (max-width: 765px) 100vw, 765px\" \/><figcaption>Micha\u0142 Jasku\u0142a<\/figcaption><\/figure><\/li><li class=\"blocks-gallery-item\"><figure><img loading=\"lazy\" decoding=\"async\" width=\"788\" height=\"511\" src=\"https:\/\/racingteam.2x3.pl\/wp-content\/uploads\/2018\/12\/stasiu-kuzmicki.png\" alt=\"\" data-id=\"2747\" data-link=\"https:\/\/racingteam.2x3.pl\/index.php\/juniorzy\/stasiu-kuzmicki\/\" class=\"wp-image-2747\" srcset=\"https:\/\/racingteam.2x3.pl\/wp-content\/uploads\/2018\/12\/stasiu-kuzmicki.png 788w, https:\/\/racingteam.2x3.pl\/wp-content\/uploads\/2018\/12\/stasiu-kuzmicki-300x195.png 300w, https:\/\/racingteam.2x3.pl\/wp-content\/uploads\/2018\/12\/stasiu-kuzmicki-768x498.png 768w\" sizes=\"auto, (max-width: 788px) 100vw, 788px\" \/><figcaption>Stasiu Ku\u017amicki<\/figcaption><\/figure><\/li><\/ul>\n","protected":false},"excerpt":{"rendered":"<p>Obaj zawodnicy niedawno do\u0142\u0105czyli do naszego teamu i s\u0105 wychowankami\u00a0Zachodniopomorskiej Akademii Kolarskiej.\u00a0 \u017byczymy im samych sukces\u00f3w w nowym teamie\u00a0\u270c\ufe0f<\/p>\n","protected":false},"author":5,"featured_media":0,"parent":0,"menu_order":0,"comment_status":"closed","ping_status":"closed","template":"","meta":{"_themeisle_gutenberg_block_has_review":false,"footnotes":""},"class_list":["post-2743","page","type-page","status-publish","hentry"],"_links":{"self":[{"href":"https:\/\/racingteam.2x3.pl\/index.php\/wp-json\/wp\/v2\/pages\/2743","targetHints":{"allow":["GET"]}}],"collection":[{"href":"https:\/\/racingteam.2x3.pl\/index.php\/wp-json\/wp\/v2\/pages"}],"about":[{"href":"https:\/\/racingteam.2x3.pl\/index.php\/wp-json\/wp\/v2\/types\/page"}],"author":[{"embeddable":true,"href":"https:\/\/racingteam.2x3.pl\/index.php\/wp-json\/wp\/v2\/users\/5"}],"replies":[{"embeddable":true,"href":"https:\/\/racingteam.2x3.pl\/index.php\/wp-json\/wp\/v2\/comments?post=2743"}],"version-history":[{"count":4,"href":"https:\/\/racingteam.2x3.pl\/index.php\/wp-json\/wp\/v2\/pages\/2743\/revisions"}],"predecessor-version":[{"id":2751,"href":"https:\/\/racingteam.2x3.pl\/index.php\/wp-json\/wp\/v2\/pages\/2743\/revisions\/2751"}],"wp:attachment":[{"href":"https:\/\/racingteam.2x3.pl\/index.php\/wp-json\/wp\/v2\/media?parent=2743"}],"curies":[{"name":"wp","href":"https:\/\/api.w.org\/{rel}","templated":true}]}}